 j, -3*j = 2*h - 88. What is the remainder when h is divided by 8?
4
Suppose -2*c - 2 = 0, -3*p - 2*c = -4*c - 89. What is the remainder when 237 is divided by p?
5
Suppose -605 = 16*b - 21*b + 3*v, -2*b - v = -231. What is the remainder when b is divided by 94?
24
Suppose -34 = -6*r + 194. What is the remainder when r is divided by 14?
10
Calculate the remainder when 33/15*(-5425)/(-31) is divided by 99.
88
Let q = 39 + -12. Let c = -91 + 111. Suppose -3*n - 2*k + 31 = 0, 0 = 4*n - 2*k + 2 - c. What is the remainder when q is divided by n?
6
Let s(x) = -x - 7. Let f be s(-9). Suppose 2*m + 3*m = -10, 0 = 4*w - f*m - 20. Calculate the remainder when 1*(-15)/(2 + -3) is divided by w.
3
Let z be 9/4 - (-1)/(-4). Suppose 4*o + z*x - 48 = -16, -2*o = -5*x - 40. Let v(d) = -54*d - 2265. Calculate the remainder when o is divided by v(-42).
1
Suppose 5*x - 3*z - 8 = 0, 15 = 3*x + z - 1. Let p be 16/12*6/x. Suppose 0 = 2*c + p*c - 216. Calculate the remainder when c is divided by 14.
12
Suppose 5*l + 280 = -0*l. Let z = 130 + l. Let a = z - 28. What is the remainder when a is divided by 16?
14
Let z be (2/6)/((-3)/(-54)). Let g be z/(-24) - (-1)/4. Suppose -m = 3*r + 3*m - 75, -3*m = g. What is the remainder when r is divided by 13?
12
Let t = 303 - 89. What is the remainder when t is divided by 18?
16
Let s = -41 + 88. What is the remainder when s is divided by 15?
2
Let l be -4*3*3/(-9). Suppose 3*j - 2*s = 37, 3 = -l*j - 5*s + 37. Suppose -i + 7 = -0. What is the remainder when j is divided by i?
4
Let h = 2 + 20. Suppose -2*m = 5*t - 5, -4*t + 0*m = -2*m - h. Suppose 2*d - t*d + 12 = 0. What is the remainder when 34 is divided by d?
10
Let o(d) = -d**2 + 681*d + 2 - 9 - 690*d. Calculate the remainder when 16 is divided by o(-7).
2
Suppose 0*t = -3*u - 2*t + 14, -3*u + 3*t = -9. Let h(i) = -27*i - 889. What is the remainder when u is divided by h(-33)?
0
Suppose n = -0*n + 19. Let o = -9 + 12. Suppose w - o*w = -8, -4*r = -2*w - 140. Calculate the remainder when r is divided by n.
18
Suppose 4*b = b + 93. What is the remainder when b is divided by 23 + 1 + 626 + -641?
4
Let d(v) = -1. Let o(h) = -6*h - 10. Let u(m) = 4*d(m) + o(m). What is the remainder when 93 is divided by u(-7)?
9
Let w(a) = a**3 + 12*a**2 + a + 3. Let u be -3*35/(-45)*-3. Calculate the remainder when w(u) is divided by 61.
58
Suppose 104 = -12*v + 416. Suppose y = -p - 21 + 68, 8 = -4*y. What is the remainder when p is divided by v?
23
Let p(g) = 6*g**2 + 5*g - 5. Suppose -k - 3*k = -5*s - 43, -3*k - s + 18 = 0. Calculate the remainder when p(2) is divided by 14/2 + -4 + k.
9
Calculate the remainder when 85 is divided by 22/(-33)*162/(-4).
4
Let k be 0/(25/5) - 58. Let d = -38 - k. Calculate the remainder when 58 is divided by d.
18
Suppose 92 = 4*a - 2*x, 0 = -5*a + 3*x + 94 + 23. Let n = 22 - 16. Calculate the remainder when a is divided by n.
3
Let t = -3 + 17. Let l(n) = -22*n - 5. Let w(c) = -22*c - 5. Let r(q) = -6*l(q) + 7*w(q). Calculate the remainder when r(-2) is divided by t.
11
Let x(t) = -t**2 + 10*t + 3. Let a = -19 + 25. What is the remainder when 133 is divided by x(a)?
25
Let q = 228 + -160. Suppose 0 = 4*y + 27*k - 30*k - 105, 2*y = -k + 45. What is the remainder when q is divided by y?
20
Let l be 1*-5*12/(-20). Let m = 14 - l. Calculate the remainder when 24/(-42) + 456/14 is divided by m.
10
Suppose 0 = -5*y + 8 - 3. Suppose -d + 0*d + 4*i + y = 0, d = i + 10. Calculate the remainder when 36 is divided by d.
10
Suppose 7*b + 63 = 182. What is the remainder when 31 is divided by b?
14
Suppose 9 = -m - 0*m - 3*r, 0 = 5*m + 4*r + 23. Let y = -286 + 316. What is the remainder when m + (4 - (0 - y)) is divided by 16?
15
Let y(d) = -33*d**3 + d - 1. Let c be y(1). Let t = c + 39. Calculate the remainder when ((-4)/(-10))/(1/40) is divided by t.
4
Suppose -g + 29 = 17. Suppose 0 = -4*w + g, 3*y - 18 = 6*w - 3*w. Calculate the remainder when y is divided by 2/(-3)*9*-1.
3
Let u = 1407 - 1073. Calculate the remainder when u is divided by 12.
10
Let a(y) = -y**2 + 9*y. Let s be a(7). Suppose 2*k - 5*d - 11 = 0, -1 = -5*k + 4*d + 1. Let g = s - k. What is the remainder when g is divided by 9?
7
Let m(q) = q**3 + 14*q**2 + 34*q - 8. Calculate the remainder when m(-8) is divided by 12.
8
Let j(r) = r**2 - 10. Suppose 101 = 4*a - 2*w + 27, 0 = 3*a + 5*w - 88. Calculate the remainder when j(7) is divided by a.
18
Suppose 11*u + 154 = 9*u. Let s = u - -134. Calculate the remainder when s is divided by 21.
15
Let b be -73 - (32/4)/(2 + 0). Let f = b + 131. What is the remainder when f is divided by 29?
25
Let o(h) = h**2 - 4*h + 114. Let f(s) = 28*s**2 - s. Calculate the remainder when o(0) is divided by f(-1).
27
Suppose -4*u + 2*u - 380 = 0. Calculate the remainder when u/(-12) + 9/54 is divided by 5.
1
Let m be 2*(1 - (1 - -2)). Let q = -60 - m. Let r = q + 79. Calculate the remainder when 90 is divided by r.
21
Suppose -5*x + 19 = -s, -2*s - x - 68 = 4*x. Let j = 55 + s. Calculate the remainder when 102 is divided by j.
24
Let b(s) = -4*s**2 - 14*s + 12. Calculate the remainder when 64 is divided by b(-4).
0
Suppose -32*p + 7*p = -175. What is the remainder when (3/9)/(2/654) is divided by p?
4
Let t = 52 + -48. Suppose -s = 2*d - 4, 0 = -5*d - 4*s + t. What is the remainder when 10 is divided by d?
2
Suppose 7*y - 27 = 1. Suppose 84 = s - y*r + 9, -2*s - r = -177. Calculate the remainder when s is divided by 18.
15
Suppose 10 = -2*k + 42. Let o = k - 16. Suppose o = -7*m + 4*m + 69. Calculate the remainder when m is divided by 13.
10
Let b(c) = -c**3 + 8*c**2 - 10*c + 10. What is the remainder when 60 is divided by b(6)?
16
Let a(u) = 3*u**2 - 92*u + 181. Let n(b) = 3*b**2 - 4*b - 3. Calculate the remainder when n(-2) is divided by a(2).
8
Suppose 5*j = 61 + 34. Let x = -22 + j. What is the remainder when 22 is divided by (-85)/51*x*1?
2
Let p = 142 + 8. Suppose 4*w = -4*v + 216, 2*v - 2*w - 87 = 3*w. Calculate the remainder when p is divided by v.
48
Let x(h) = 19*h + 212. Calculate the remainder when 102 is divided by x(-11).
0
Let m be (0 - 4)/8*2. Let y(i) = -2*i**3 + 25*i**2 + 14*i + 5. What is the remainder when (9/15)/(m/(-55)) is divided by y(13)?
15
Let p = 40 + 10. Let s = 201 - 53. What is the remainder when s is divided by p?
48
Calculate the remainder when 25 is divided by (-3)/8 + (-575)/(-40).
11
Let s(z) = -14*z + 373. What is the remainder when 45 is divided by s(25)?
22
Let x(w) = w + 11. Let m(y) = 1. Let b(z) = 22*m(z) - 2*x(z). What is the remainder when b(-22) is divided by 9?
8
Let s = -300 - -421. What is the remainder when s is divided by 31?
28
Calculate the remainder when 200 is divided by 23/4*(-536)/(-134).
16
Let g(d) = d**2. Let z = -64 - -77. What is the remainder when g(-6) is divided by z?
10
Calculate the remainder when (9 + -1857)/(-6) + -1 is divided by 22.
21
Suppose -146 = -4*q - 6. Let g = q + 48. Calculate the remainder when g is divided by -2*4/8*-21.
20
Let d(r) = 4*r**3 - 3*r**2 + 2*r - 3. Let u be d(2). Let b = 22 - u. What is the remainder when 2 is divided by ((-10)/35)/(b/(-7))?
0
Let m(w) = 11*w**2 + 13*w + 29. Let s(g) = 4*g**2 + 4*g + 10. Let j(c) = -3*m(c) + 8*s(c). What is the remainder when 12 is divided by j(-4)?
2
Let d(b) = 0*b**2 - 3 + 2*b - 9*b**2 + 19*b**3 + 11*b**2. What is the remainder when 117 is divided by d(1)?
17
Let b = 490 + -450. What is the remainder when 151 is divided by b?
31
Let v be (0 - -30)*8/16. Suppose 6*p - v = p. Suppose -2*x + p*t - 2*t = -79, 3*x - 131 = 4*t. Calculate the remainder when x is divided by 13.
11
Let v(x) = -x**2 + 34*x + 10. What is the remainder when 105 is divided by v(0)?
5
Let c = 365 + -308. What is the remainder when c is divided by 12?
9
Let u = 37 - 61. What is the remainder when 88 is divided by 135/12*u/(-9)?
28
Let n be (4356/(-54))/((-1)/3). Suppose -n = -5*z - 3*o, -3*z - 5*o + 102 = -40. What is the remainder when z is divided by 17?
15
Calculate the remainder when (148623/(-214))/((-3)/2) is divided by 75.
13
Suppose 0 = 446*b - 457*b + 6391. What is the remainder when b is divided by 59?
50
Let n(u) = -u**3 + 32*u**2 - u + 70. What is the remainder when 70 is divided by n(32)?
32
Suppose -30*n = t - 35*n - 29, -3*n + 13 = t. Calculate the remainder wh